{"id":44,"date":"2018-03-26T12:11:17","date_gmt":"2018-03-26T11:11:17","guid":{"rendered":"http:\/\/www.globalong.net\/marie-anne\/?page_id=44"},"modified":"2018-06-01T07:20:38","modified_gmt":"2018-06-01T06:20:38","slug":"la-cagnotte-du-projet","status":"publish","type":"page","link":"https:\/\/www.globalong.net\/marie-anne\/la-cagnotte-du-projet\/","title":{"rendered":"La cagnotte du projet"},"content":{"rendered":"<p><a href=\"http:\/\/www.globalong.net\/marie-anne\/wp-content\/uploads\/sites\/1025\/2018\/03\/thCD3YXZA0.jpg\"><img loading=\"lazy\" decoding=\"async\" class=\"alignnone size-medium wp-image-45\" src=\"http:\/\/www.globalong.net\/marie-anne\/wp-content\/uploads\/sites\/1025\/2018\/03\/thCD3YXZA0-300x233.jpg\" alt=\"thCD3YXZA0\" width=\"300\" height=\"233\" srcset=\"https:\/\/www.globalong.net\/marie-anne\/wp-content\/uploads\/sites\/1025\/2018\/03\/thCD3YXZA0-300x233.jpg 300w, https:\/\/www.globalong.net\/marie-anne\/wp-content\/uploads\/sites\/1025\/2018\/03\/thCD3YXZA0.jpg 474w\" sizes=\"(max-width: 300px) 100vw, 300px\" \/><\/a><\/p>\n<p>Une cagnotte a \u00e9t\u00e9 ouverte afin de r\u00e9colter de l&rsquo;argent pour aider les personnes rencontr\u00e9es sur place le temps de mon voyage.<\/p>\n<p><strong>Nous sommes \u00e0 plus de 600 Euros<\/strong> !! Merci d&rsquo;avoir autant suivi le mouvement <strong>&lt;3<\/strong><\/p>\n<p>Les premiers achats ont \u00e9t\u00e9 effectu\u00e9s pour amener des petites surprises aux enfants des orphelinats et du monast\u00e8re<\/p>\n<p><em>En vrac<\/em> <em>: petits bracelets en \u00e9lastiques, crayons de couleurs, feutres, chouchou, petites voitures, cahiers de coloriage, feuilles, scoubidous, cartes en anglais, cahier d&rsquo;apprentissage en anglais&#8230;<\/em><\/p>\n<p>Nul doute qu&rsquo;ils vont \u00eatre ravis \ud83d\ude42 Votre avis??<\/p>\n<p><a href=\"http:\/\/www.globalong.net\/marie-anne\/wp-content\/uploads\/sites\/1025\/2018\/03\/rps20180326_123045.jpg\"><img loading=\"lazy\" decoding=\"async\" class=\"alignnone size-medium wp-image-46\" src=\"http:\/\/www.globalong.net\/marie-anne\/wp-content\/uploads\/sites\/1025\/2018\/03\/rps20180326_123045-300x225.jpg\" alt=\"rps20180326_123045\" width=\"300\" height=\"225\" srcset=\"https:\/\/www.globalong.net\/marie-anne\/wp-content\/uploads\/sites\/1025\/2018\/03\/rps20180326_123045-300x225.jpg 300w, https:\/\/www.globalong.net\/marie-anne\/wp-content\/uploads\/sites\/1025\/2018\/03\/rps20180326_123045-1024x768.jpg 1024w, https:\/\/www.globalong.net\/marie-anne\/wp-content\/uploads\/sites\/1025\/2018\/03\/rps20180326_123045.jpg 1280w\" sizes=\"(max-width: 300px) 100vw, 300px\" \/><\/a> \u00a0 \u00a0 \u00a0 \u00a0\u00a0 <a href=\"http:\/\/www.globalong.net\/marie-anne\/wp-content\/uploads\/sites\/1025\/2018\/03\/Snapchat-60085596.jpg\"><img loading=\"lazy\" decoding=\"async\" class=\"alignnone size-medium wp-image-47\" src=\"http:\/\/www.globalong.net\/marie-anne\/wp-content\/uploads\/sites\/1025\/2018\/03\/Snapchat-60085596-146x300.jpg\" alt=\"Snapchat-60085596\" width=\"146\" height=\"300\" srcset=\"https:\/\/www.globalong.net\/marie-anne\/wp-content\/uploads\/sites\/1025\/2018\/03\/Snapchat-60085596-146x300.jpg 146w, https:\/\/www.globalong.net\/marie-anne\/wp-content\/uploads\/sites\/1025\/2018\/03\/Snapchat-60085596-498x1024.jpg 498w, https:\/\/www.globalong.net\/marie-anne\/wp-content\/uploads\/sites\/1025\/2018\/03\/Snapchat-60085596.jpg 1244w\" sizes=\"(max-width: 146px) 100vw, 146px\" \/><\/a><\/p>\n<p>&nbsp;<\/p>\n<p>Je laisse la cagnotte ouverte tout au long de mon s\u00e9jour, au cas o\u00f9 certains souhaiteraient finalement participer ou d&rsquo;autres continuer \u00e0 soutenir le projet. Pour rappel, <a href=\"https:\/\/cagnotte.me\/889-participer-a-l-aventure-humanitaire-de-mam\" target=\"_blank\" rel=\"noopener\">cliquez ici<\/a> pour trouver le lien vers la cagnotte.<\/p>\n<p>&nbsp;<\/p>\n<p><strong>ENCORE MERCI<\/strong><\/p>\n<p><em>Mam<\/em><\/p>\n<p>&nbsp;<\/p>\n<p style=\"text-align: center\">~ UTILISATION DE LA CAGNOTTE ~<\/p>\n<p style=\"text-align: center\">BILAN COMPLET<\/p>\n<p style=\"text-align: center\">\n<p style=\"text-align: left\">Comme pr\u00e9vu voil\u00e0 un petit point sur tout ce qui a \u00e9t\u00e9 achet\u00e9 gr\u00e2ce \u00e0 la cagnotte, donc gr\u00e2ce \u00e0 vous \ud83d\ude42<\/p>\n<p style=\"text-align: left\">\n<p style=\"text-align: center\"><strong>Montant total recueilli : 645\u20ac<\/strong><\/p>\n<p style=\"text-align: center\">\n<p style=\"text-align: left\"><em>Achats avant d\u00e9part pour offrir sur les 3 destinations confondues :<\/em><\/p>\n<p>Elastiques \u00e0 cheveux et barrettes<br \/>\nBracelets \u00e0 confectionner<br \/>\nScoubidous<br \/>\nCrayons de couleurs<br \/>\nCahiers de coloriages<br \/>\nFeutres<br \/>\nPeinture a l&rsquo;eau\/pinceau<br \/>\nCahier de feuilles blanches<br \/>\nPetites voitures<br \/>\nCahiers d&rsquo;anglais\/m\u00e9thode\/cartes<br \/>\nChocolats Valrhona offerts (merci Yann)<\/p>\n<p style=\"text-align: left\"><em>Achats sur place par destination :<\/em><\/p>\n<p>&nbsp;<\/p>\n<p><strong>N\u00c9PAL<\/strong> :<br \/>\nL&rsquo;orphelinat \u00e9tant d\u00e9j\u00e0 bien aid\u00e9 de part sa m\u00e9diatisation, j&rsquo;ai prefer\u00e9 privil\u00e9gier des petites choses pour garder de l&rsquo;argent pour les 2 autres destinations :<\/p>\n<p>Gros don de v\u00eatements<\/p>\n<p>Don de petits bijoux pour enfants<br \/>\nPeluches (pour les 43 enfants)<br \/>\nChocolats<br \/>\nBiscuits<br \/>\nSodas<br \/>\nSavons<br \/>\n<em>Total de 150\u20ac environ<\/em><\/p>\n<p>&nbsp;<\/p>\n<p><strong>SRI LANKA<\/strong> :<br \/>\nPeluches<br \/>\nMobile b\u00e9b\u00e9<br \/>\nSavons enfants<br \/>\nSavons b\u00e9b\u00e9s<br \/>\nTalc<br \/>\nDon pour faire poser un vrai \u00e9vier pour laver les enfants \u00e0 l&rsquo;orphelinat<br \/>\nChocolats<br \/>\nBallons<br \/>\nSodas<br \/>\nBiscuits<br \/>\nBonbons<br \/>\nTelephone portable au monast\u00e8re (merci la poste ;))<br \/>\n<em>Total de 250 \u20ac environ<\/em><\/p>\n<p>&nbsp;<\/p>\n<p><strong>INDE :<\/strong><br \/>\n&#8211; Don pour installation de 2 grosses batteries (longue dur\u00e9e) pour que l&rsquo;ecole puisse toujours avoir l&rsquo;electricit\u00e9<br \/>\n&#8211; Don pour des fournitures scolaires de base (craies, cahiers, stylos)<br \/>\n&#8211; Glaces offertes \u00e0 toute l&rsquo;ecole (120 \u00e9l\u00e8ves)<br \/>\n&#8211; Don \u00e0 la personne qui s&rsquo;occupe du b\u00e2timent de l&rsquo;\u00e9cole (nettoyage) pour elle et ses 2 enfants<br \/>\n<em>Total de 250\u20ac environ<\/em><\/p>\n<p>&nbsp;<\/p>\n<p><strong>DIVERS<\/strong> :<br \/>\nN&rsquo;oublions pas les petits dons dans la rue qui font souvent la diff\u00e9rence<\/p>\n<p>&#8211; dons d&rsquo;argent aux adultes<br \/>\n&#8211; dons de bracelets aux enfants<\/p>\n<p>&nbsp;<\/p>\n<p><!--\/data\/user\/0\/com.samsung.android.app.notes\/files\/share\/clipdata_180601_073457_364.sdoc--><\/p>\n<p style=\"text-align: left\"><a href=\"http:\/\/www.globalong.net\/marie-anne\/wp-content\/uploads\/sites\/1025\/2018\/05\/rps20180527_184645.jpg\"><img loading=\"lazy\" decoding=\"async\" class=\" size-medium wp-image-490 aligncenter\" src=\"http:\/\/www.globalong.net\/marie-anne\/wp-content\/uploads\/sites\/1025\/2018\/05\/rps20180527_184645-169x300.jpg\" alt=\"rps20180527_184645\" width=\"169\" height=\"300\" srcset=\"https:\/\/www.globalong.net\/marie-anne\/wp-content\/uploads\/sites\/1025\/2018\/05\/rps20180527_184645-169x300.jpg 169w, https:\/\/www.globalong.net\/marie-anne\/wp-content\/uploads\/sites\/1025\/2018\/05\/rps20180527_184645-576x1024.jpg 576w, https:\/\/www.globalong.net\/marie-anne\/wp-content\/uploads\/sites\/1025\/2018\/05\/rps20180527_184645.jpg 720w\" sizes=\"(max-width: 169px) 100vw, 169px\" \/><\/a><\/p>\n<p style=\"text-align: center\">\u2661<\/p>\n","protected":false},"excerpt":{"rendered":"<p>Une cagnotte a \u00e9t\u00e9 ouverte afin de r\u00e9colter de l&rsquo;argent pour aider les personnes rencontr\u00e9es sur place le temps de mon voyage. Nous sommes \u00e0 plus de 600 Euros !! Merci d&rsquo;avoir autant suivi le mouvement &lt;3 Les premiers achats ont \u00e9t\u00e9 effectu\u00e9s pour amener des petites surprises aux enfants des orphelinats et du monast\u00e8re &hellip; <a class=\"read-excerpt\" href=\"https:\/\/www.globalong.net\/marie-anne\/la-cagnotte-du-projet\/\">Continuer la lecture <span class=\"meta-nav\">&raquo;<\/span><\/a><\/p>\n","protected":false},"author":1019,"featured_media":0,"parent":0,"menu_order":0,"comment_status":"open","ping_status":"open","template":"","meta":{"footnotes":""},"_links":{"self":[{"href":"https:\/\/www.globalong.net\/marie-anne\/wp-json\/wp\/v2\/pages\/44"}],"collection":[{"href":"https:\/\/www.globalong.net\/marie-anne\/wp-json\/wp\/v2\/pages"}],"about":[{"href":"https:\/\/www.globalong.net\/marie-anne\/wp-json\/wp\/v2\/types\/page"}],"author":[{"embeddable":true,"href":"https:\/\/www.globalong.net\/marie-anne\/wp-json\/wp\/v2\/users\/1019"}],"replies":[{"embeddable":true,"href":"https:\/\/www.globalong.net\/marie-anne\/wp-json\/wp\/v2\/comments?post=44"}],"version-history":[{"count":7,"href":"https:\/\/www.globalong.net\/marie-anne\/wp-json\/wp\/v2\/pages\/44\/revisions"}],"predecessor-version":[{"id":545,"href":"https:\/\/www.globalong.net\/marie-anne\/wp-json\/wp\/v2\/pages\/44\/revisions\/545"}],"wp:attachment":[{"href":"https:\/\/www.globalong.net\/marie-anne\/wp-json\/wp\/v2\/media?parent=44"}],"curies":[{"name":"wp","href":"https:\/\/api.w.org\/{rel}","templated":true}]}}